ppose -1 = -o*v + 1. Is v - (0 - 4*2) prime?
False
Let h be (-3)/12 - (-1015)/(-20). Let w = h - -146. Is w a composite number?
True
Let l be ((-16)/(-2) + -2)/2. Let t be 25 - ((2 - 3) + l). Is t - (-2 + 2)/(-3) prime?
True
Let l(n) be the first derivative of -n**4/2 + 7*n**2/2 - 6*n + 1. Let c be l(4). Is 2/(208/c - -2) a prime number?
True
Suppose 0 = -h - 3*h + 8. Let p(y) = 29*y - 3. Is p(h) a composite number?
True
Let l be 62/(-8) + (-13)/52. Is 12/l*2*-151 a prime number?
False
Suppose -3*x - 4*g + 0*g + 33 = 0, 4*g = 5*x - 55. Let a = 2 + -2. Suppose a = 2*z - x - 147. Is z composite?
False
Let p(u) = 6*u + 13. Suppose -32 = -5*z + 23. Is p(z) a prime number?
True
Let t(p) = 15*p**2 + 2*p + 4. Suppose g = 2*q - 3, -2*q = 2*q + g - 21. Suppose -12 = 4*i + 3*h - 0*h, 5*h - 12 = q*i. Is t(i) a composite number?
True
Let g(z) = 6*z - 11. Is g(8) composite?
False
Let w be (0 + 1)/((-4)/(-8)). Suppose n + w = -3*v - 2*v, -3*n + 49 = 4*v. Is n prime?
True
Let p(z) = -89*z**3 - 3*z**2 + 2*z + 5. Is p(-2) composite?
False
Let w = -1 - 0. Let i be 4/(2 + (-2 - w)). Let t = i + 3. Is t a composite number?
False
Is 0 - (-2 - 0) - (-367 + -8) composite?
True
Let x(f) = -3*f**2 - f + 1. Let s be x(1). Let d be -8 + (8/(-2))/2. Let g = s - d. Is g composite?
False
Let k = 26 - 16. Suppose 3*y - 5*s - 1 = 24, -2*s = 4*y + k. Suppose -4*p + 2 + 35 = d, -4*d - 2*p + 190 = y. Is d a prime number?
False
Suppose -4*n + 8 + 4 = 0. Suppose h - n*k = 152, 4*k + 749 = -0*h + 5*h. Is h a prime number?
True
Suppose 1980 = -4*s - s. Let i = -23 - s. Is i a prime number?
True
Let l(t) = -3*t - 2. Let o be l(-6). Suppose f + o - 78 = 0. Is f prime?
False
Suppose 0 = 4*c - 234 - 610. Suppose -c = -5*r + 704. Is r prime?
False
Suppose 0 = -11*b + 14*b - 633. Is b a prime number?
True
Let m = 20 + -9. Let p = 4 - m. Let q = p + 26. Is q prime?
True
Is (-2138)/4*-2*(-2 + 3) prime?
True
Let t = -15 + 18. Suppose -t*b - 248 = -7*b - 4*k, -k - 292 = -5*b. Is b a prime number?
True
Let k be (-4)/(-10) + (-112742)/(-70). Suppose 5*y = 2*y + k. Is y a composite number?
True
Let k = 9 + -7. Suppose 3*n + 147 = k*y + 61, 2*y - 78 = n. Is y a prime number?
True
Suppose 8 = 3*n - 2*l, 2*n - 5*l = -0*n - 2. Suppose -n*d = -8*d + 140. Is d composite?
True
Let g = 14 + -9. Suppose -3*c + 5*h = -241, g*c + 5*h + 162 - 617 = 0. Is c composite?
True
Suppose 4*u + 3*k = 0, k - 2*k = -4*u. Let h be u - -3*4/6. Is (-3 - -4)/(h/18) a composite number?
True
Let u be (-2)/(-4) + (-45)/(-10). Let c(m) = 54*m - 7. Is c(u) composite?
False
Let a(n) = 3*n**2 - n + 1733. Is a(0) composite?
False
Let s be 3/2 - (-618)/4. Is (-2)/2 - s/(-3) a prime number?
False
Let z be ((-2 - 1) + 2)/(-1). Let l = 11 - z. Is l composite?
True
Let j be 3/(-4) - 27/(-4). Let m = -28 + 19. Is j/27 + (-331)/m prime?
True
Suppose 3 - 19 = -4*o. Suppose 54 = 5*d - i, -2*d + o*d - i - 24 = 0. Suppose r - 11 = d. Is r a prime number?
False
Suppose 0 = n - 2*n + 41. Suppose -3*i + 22 = -3*g - 2, 4*g - i = -n. Let p = g - -76. Is p composite?
True
Suppose -4*r - 1285 = -5*w - 9*r, -4*w - r = -1019. Is w a prime number?
False
Suppose -1 = r - 4. Suppose 0 = -2*m + r*u + 266, -u = 2*m - 3*m + 131. Is m composite?
False
Suppose -5*z - 25 = -3*y, 3*z + 27 = -0*y + 3*y. Is y/(-35) - 1222/(-14) prime?
False
Let w = -4 - 2. Let d = w - -4. Let p(o) = 11*o**2 + 4*o + 3. Is p(d) a prime number?
False
Let i(h) = -6*h**2 - 9 - 20*h**2 + 2*h - 17*h. Let v be i(12). Is 4/(-22) + v/(-33) prime?
False
Let l(a) = -3*a**3 - 6*a**2 + 2*a. Let w(r) = r**3 + 2*r**2 - r. Let f(j) = 4*l(j) + 11*w(j). Is f(-2) a prime number?
False
Let v be 9/2*(-4)/1. Let p be 8/(-12)*v/4. Suppose p*j = j + 46. Is j composite?
False
Let o(r) = r**3 - 26*r**2 - 9*r + 50. Is o(28) composite?
True
Let d(i) = -i + 8. Let s be d(9). Is (-111)/(-6) + s/(-2) composite?
False
Let z be 0 + -1 + -1645 - 1. Is z/(-7) - 4/14 a composite number?
True
Let y(g) = -g**2 - 12*g - 9. Let t be (-15)/(2 + 1) + -2. Is y(t) prime?
False
Is 1115/20*(-8)/(-2) composite?
False
Let a(o) = -4*o**3 + o**2 - 10*o - 6. Let t = -5 - -4. Let m(i) = -i**3 - i**2 - i - 1. Let g(s) = t*a(s) + 5*m(s). Is g(-8) a prime number?
True
Suppose 4*z - 240 = -5*f, 3*f - 4*f + 39 = -z. Let b = -1 - -4. Suppose f = b*w - w. Is w a composite number?
True
Suppose -4*o = -0 - 16. Suppose 18 = -o*j + 238. Is j a prime number?
False
Let v(s) = 12*s**2 - 6*s - 7. Is v(5) a prime number?
True
Suppose 2*w - w + 5 = 0. Let d = -1 - w. Suppose -d*z = 4*o - 936, 4*o - 3*z - 929 = -0*o. Is o prime?
True
Suppose 2 = 3*h - 10. Suppose h*t - 28 = 240. Is t composite?
False
Suppose 4*l = -3*t + t + 1034, 2*l - 515 = -3*t. Is l a composite number?
True
Let k(b) = -156*b - 17. Is k(-10) a prime number?
True
Let d(x) = -x**2 + x + 55. Is d(0) prime?
False
Suppose 0 = 2*u - 4 - 0. Is u/8 - 22/(-8) a composite number?
False
Suppose 0 = -4*u - 5*v + 2243, -7*u - 4*v + 2797 = -2*u. Is u composite?
False
Let f(c) = c**3 + 15*c**2 - 14*c + 15. Is f(-14) composite?
True
Let y be (1/(-2))/((-2)/12). Suppose -f - 11 = 2*q + 2*f, y*q + 5*f + 19 = 0. Suppose 705 = q*x + x. Is x prime?
False
Suppose y + 3*c - 17 = 0, y + 0*y = 5*c - 15. Suppose u = y*b - 1 - 1, -11 = -3*u - 2*b. Suppose 2*o - 35 = -u*o. Is o prime?
True
Suppose -3*s - 117 = -828. Is s a prime number?
False
Let r(f) = 13*f + 13. Suppose j - 3 = -0. Suppose j*k + 6*l - 3*l = 30, 0 = l. Is r(k) a composite number?
True
Suppose 2*s = 6*s - 4*b - 12, 15 = s + 3*b. Suppose 4*t - 3664 = -2*o + s*o, 2752 = 3*t + o. Is t composite?
True
Let x = 4 - 2. Suppose -2*o - x = -6. Suppose -4*g = 16, -4*p = -p + o*g - 55. Is p composite?
True
Let p = 2619 + -1220. Is p a prime number?
True
Let i(o) = 18*o - 7. Let n be 2/(-8) - 21/(-4). Is i(n) prime?
True
Suppose 2*q = -3*q + 25. Let r = 28 + q. Is r prime?
False
Suppose 3*s = 15 + 3. Is ((s*-29)/2)/(-1) prime?
False
Suppose 4*c + 4*m = 428, -c - 5*m + 26 = -69. Suppose -c = -5*y + 65. Is y prime?
False
Suppose 0 = s - 3*q - q - 51, -2*s - 2*q = -142. Is s prime?
True
Is 1906/3*30/20 composite?
False
Let j(h) = 5*h**3 - h**2. Let w be j(1). Let z(t) = -t**2 + 5 + 4*t**2 - 4*t - 5 + 5. Is z(w) a composite number?
False
Let z(h) = 2*h - 1. Let y(i) = -3*i + 1. Let m(s) = 5*y(s) + 7*z(s). Let o be m(-7). Suppose -2*x = 4*d - 0*d - 74, -o*x = 5*d - 180. Is x a prime number?
False
Let j = 1 + -2. Let g be 62/8 - j/4. Let a = 34 - g. Is a a prime number?
False
Is (-12 + 15)*26/6 composite?
False
Let m(c) = -122*c**3 - c. Let j = 18 - 1. Suppose -j = a - 4*q, 4*a + 4*q = 2*a + 14. Is m(a) a prime number?
False
Is 10 + -8 - (336/(-1) - 3) prime?
False
Let j = 93 + -44. Is j prime?
False
Let p(f) be the third derivative of -5*f**4/8 - 11*f**3/6 - f**2. Let o(m) = 1. Let i(h) = -4*o(h) - p(h). Is i(6) a composite number?
False
Let i(w) = 2*w - 2. Let u be i(3). Suppose 4*l + l + 4*g - 431 = 0, -l = u*g - 99. Is l a prime number?
True
Let z = -9 - -12. Let x(m) = -m**2 + 6*m + 2. Let y be x(6). Suppose 0 = z*t + 2*q - 25, -q - q = -y*t + 20. Is t a composite number?
True
Let k(a) = a**3 - 12*a**2 + 12*a - 8. Let t be k(11). Let g(p) be the third derivative of 19*p**4/24 + p**3/3 + 2*p**2. Is g(t) a composite number?
False
Is ((-122805)/(-7))/9 - 4/14 prime?
True
Let i = -136 + 585. Is i composite?
False
Let z(d) = -170*d - 6. Let y(i) = 170*i + 5. Let w(v) = -3*y(v) - 2*z(v). Is w(-2) prime?
True
Suppose 5*v + 157 = 6*v. Is v a prime number?
True
Suppose l - 4 = -b, 4*b + 4*l - 28 = 3*l. Let w = -48 + 74. Suppose -u + w = -b. Is u prime?
False
Suppose 16*z - 17*z = -1441. Is z composite?
True
Let z(s) be the third derivative of s**4/3 - s**3 + 4*s**2. Suppose 6 = -5*d + 31. Is z(d) a prime number?
False
Suppose -8*y + 4*y + 2192 = 0. Suppose 5*o - 4*x + 0*x = y, 5*x + 226 = 2*o. Let p = 155 - o. Is p a prime number?
True
Suppose -4*l = -z - 140, 2*l - 60 = -0*z - 2*z. Is l a composite number?
True
Suppose 572 = -5*i + 9*i. Is i a composite number?
True
Suppose 3*x = -12, 2*v - 3*v - x = -36. Let c be (-6)/27 - v/(-18). Is c/4*-2*-19 a prime number?
True
Suppose 21 - 87 = -2*u - 2*y, 0 = -3*y. Is u a prime number?
False
Suppose n - 1858 = 3981. Is n a composite number?
False
Is -1 + 314 - (0 + -1) a prime number?
False
Suppose 3*w = y, -w +